actors of i.
3, 37
Let m(a) = -10*a**3 + 18*a**2 + 66*a + 21. What are the prime factors of m(-16)?
44533
List the prime factors of 10287*(8/30)/(24/60).
2, 3, 127
Let g(n) = -2*n - 38. Let f be g(-18). Let z be (-10 - f)*1/(2/1). Let y(a) = -2*a**3 - a**2 - 8*a - 1. List the prime factors of y(z).
11, 13
Let y(n) = n**2 + 9*n - 41. Let b be y(-11). List the prime factors of 2/((-15 - b) + (-4468)/1118).
13, 43
Let y = 6889 + -3982. List the prime factors of y.
3, 17, 19
Let l = -43 + 47. Suppose 4*a = -4*g - 3296, 0*g = -3*g + l*a - 2472. List the prime factors of 2 - (g/4 - -2).
2, 103
Let g = -582 + 588. What are the prime factors of 112 + g/(-6*(-3)/12)?
2, 29
Let t(l) = -l**2 + 367*l + 967. What are the prime factors of t(92)?
26267
Suppose 8*p - 161 = -145. Suppose -6*v + p*v - 5*o = -3559, 4*o = v - 895. What are the prime factors of v?
3, 11
Let l(k) = k**3 + 12*k**2 + 9*k - 28. Let u be l(-13). Let g = u + 532. What are the prime factors of g?
2, 109
Let a(j) = -j - 7. Let l be a(-7). Let z be 2 + 0 + 2 + l. What are the prime factors of 5/(20/132) - z?
29
Let w = 513 - 948. What are the prime factors of -8*(23/20 + -1)*w?
2, 3, 29
Let a = 52 + -47. Suppose -a*v + v = 4*y - 1176, 1162 = 4*y - 3*v. List the prime factors of y.
2, 73
List the prime factors of (2445 - 4 - 0)*(-1 + 2).
2441
Suppose 21186 = 14*b - 5085 + 441. What are the prime factors of b?
3, 5, 41
Let b(d) = -18*d**2 + 6*d + 11. Let o be b(3). Let l = 148 - o. What are the prime factors of l?
281
Suppose -41 = -4*h - 437. Let s = -1552 + 1490. Let w = s - h. List the prime factors of w.
37
Let d(k) be the second derivative of -3*k**5/20 + k**4/6 + k**3/3 + 5*k**2/2 + 4*k. Let p be d(-3). Let r = p - 57. What are the prime factors of r?
41
Suppose -10*l - 16 - 474 = 0. List the prime factors of (4 - l/(-14))/((-2)/(-2924)).
17, 43
Let q be 2/4*(5 + -5) + 5. Suppose -4*a - 53 = -0*a + 5*k, -q*k = a + 32. Let c(t) = t**3 + 10*t**2 + 4*t + 8. What are the prime factors of c(a)?
127
Let r(c) = c - 5. Let v be r(7). Let n be ((-1)/(-1))/(v + -1). What are the prime factors of (28/8)/(n/8)?
2, 7
Let f be (160/(-100))/((-4)/(-10)) - 878. Let q = -558 - f. Let u = -227 + q. List the prime factors of u.
97
Let z(t) = -292*t + 1354. List the prime factors of z(-31).
2, 11, 43
Suppose 12*w - 10 = 7*w. Let r be 4 + (-3 - (w + -9)). Suppose 0*p + r = 2*p, 5*p = 2*s - 516. List the prime factors of s.
2, 67
Suppose 3*c = -4*t - 9, -3*t = 3*c - c + 6. Suppose -4*j - 4*y = -804, 2*y + t = -8. Let i = -68 + j. What are the prime factors of i?
137
Let f(p) = -10*p**2 + 2*p - 26. Let q(l) = -15*l**2 + 3*l - 38. Let b(n) = 7*f(n) - 5*q(n). List the prime factors of b(-6).
2, 97
Let s = 42 + -46. Let j(o) = o**3 + 3*o**2 - 2*o + 8. Let b be j(s). Let x(q) = -q**3 - 2*q**2 + q + 45. What are the prime factors of x(b)?
3, 5
Let b = -107 + 96. List the prime factors of 12/66 + (-6433)/b.
3, 5, 13
Suppose -38*r + 94 = 9*r. Suppose -l - 5*v + 375 = -r*v, l - 371 = -v. What are the prime factors of l?
3, 41
Let v be 911/11 + (-4)/(-22). Suppose -v = 6*h - 5. Let y = 66 + h. List the prime factors of y.
53
Let n = 12733 + -6662. What are the prime factors of n?
13, 467
Let p = 180 + -160. Suppose -p*y - 4172 = -48*y. What are the prime factors of y?
149
Let f = 201 - 193. Suppose -f*p - 283 = -2315. What are the prime factors of p?
2, 127
Let d = -2470 + 3675. Suppose 195*t = 200*t - d. List the prime factors of t.
241
Let w(b) = b**2 + 311*b + 3238. Let y be w(-11). Let i be 4/(-14) + (-2441)/7. Let n = y - i. List the prime factors of n.
7, 41
Let f(u) = 2*u**2 + 23*u - 19. Let c be f(-13). What are the prime factors of 3 - c*(-45)/10?
3, 31
Let g(p) = -p**2 - 17*p - 14. Let d be g(-16). Let u(f) = 15*f + 61 - 26 - f - d*f. List the prime factors of u(11).
167
Suppose 0 = -123*z - 380312 + 1465418. List the prime factors of z.
2, 11, 401
List the prime factors of 46/161 - 564870/(-7).
2, 7, 11, 131
Let t be (-1)/2 - 1215/18 - -2. Let l = t + 68. Suppose 2*i + c + 2*c = 193, -3*i + 322 = -l*c. List the prime factors of i.
2, 13
Let l(v) = 0 + 5 + 0 + 11*v. Let a = 2502 + -2492. What are the prime factors of l(a)?
5, 23
Let m(l) = -11*l**2 + 49*l - 1. Let d be m(6). Let o = d - -1010. What are the prime factors of o?
907
Suppose 484*n + 246580 = 494*n. What are the prime factors of n?
2, 12329
Suppose -10*o = 2*h - 90204, -8 = 3*o - 2. List the prime factors of h.
2, 5639
Suppose 15*l + 3 = 14*l. What are the prime factors of ((-9)/(-2))/l*190/(-3)?
5, 19
Let v(c) = 7836*c - 13851. List the prime factors of v(10).
3, 21503
Suppose 16*l + 2396 - 796 = 0. What are the prime factors of 4 - l/(24/6)?
29
Let w(d) = d**2 - 15*d + 9. Let v(y) = -3*y**2 + 46*y - 26. Let o(i) = -4*v(i) - 11*w(i). List the prime factors of o(-14).
467
List the prime factors of ((-64 + -8)/(-12) - -227)/((-2)/(-30)).
3, 5, 233
Suppose -2*i + 33253 = -127955. What are the prime factors of i?
2, 3, 2239
Suppose -122*j = -49*j - 5185044. List the prime factors of j.
2, 3, 1973
Let d(i) = 433*i**2 - 13*i - 14. Let v be d(-1). Let q = v - 32. What are the prime factors of q?
2, 5
Suppose -4*x - 11177 = -m, 93 - 87 = 3*x. What are the prime factors of m?
5, 2237
Suppose -2*q + 104 = 4*d, 4*d = -0*d + 8. Suppose 20*a - q = 8*a. Suppose -156 - 552 = -a*r. What are the prime factors of r?
3, 59
Suppose n = -3 + 4. Let t be 8/n - (22 - 20). Suppose -3*f = -b + 43, t*b = b - f + 295. List the prime factors of b.
2, 29
Let x(m) = 4*m**3 + 2*m**2 - 3*m - 2. Let i be x(-2). Let f be (10/(-2)*152/i)/2. List the prime factors of 79/2 + f/(-38).
3, 13
Let m(n) = -6*n + 72. Let x be m(12). Suppose x = -h + 38*h - 24568. List the prime factors of h.
2, 83
Let i be 1055*((-64)/(-20) + -3). Suppose -m = 2*o - 183, -i = -m + 5*o - 0*o. Let y = -126 + m. What are the prime factors of y?
5, 13
Suppose -160 - 5 = 3*b. Let j = b + 59. Suppose 4*c - 124 = -4*p, j*p = -4 + 16. List the prime factors of c.
2, 7
Let w be (6/24)/1 - (-6555)/4. Suppose -2*k + 1469 = 5*l, 3*k - 551 = -3*l + w. What are the prime factors of k?
727
Let u = -291 + 297. List the prime factors of ((-3645)/(-30))/(u/16).
2, 3
Suppose 0 = 3*b + 4*d, -3*d + 1 = -4*b - 8*d. What are the prime factors of (-196 + 10 + b)/((-1)/1)?
2, 5, 19
Let n(q) = 4*q**2 + 102*q - 7. Let g be n(-31). Let v = g + -320. List the prime factors of v.
5, 71
Suppose 16 = 2*z + 4*q, 27 = 4*z - 2*q + 5. List the prime factors of (-51)/z*-78 + 0 + -5.
2, 7, 47
Let g = -89 - -42. Let j = 103 + g. List the prime factors of ((-3)/((-12)/(-10)))/((-7)/j).
2, 5
Suppose r = 75 + 48. Suppose -r*h - 3213 = -130*h. List the prime factors of h.
3, 17
Suppose -23*z + 21*z = 2*a - 18, -16 = 4*z. What are the prime factors of 1/((3 - (-56)/(-19))/a)?
13, 19
List the prime factors of 5/105 + (-5004690)/(-630).
2, 3, 331
Suppose -2*x = -6*x - r + 8, -2*r - 4 = -2*x. Let k be (-5 + x)*(-1 - -2) - -3. List the prime factors of (k + 1 - 36)*-2.
2, 5, 7
Let y(p) = 38*p**3 - 250*p**2 - 22*p + 34. What are the prime factors of y(14)?
2, 107, 257
Let m = -65 + 69. Suppose -3*q - 607 = -m*q + r, 0 = -5*q - 2*r + 3070. What are the prime factors of q?
2, 3, 17
Suppose -2*t + 2*g = -7868, -99*t - 7868 = -101*t + 3*g. List the prime factors of t.
2, 7, 281
Let g be 2*3/(-2) - (-4 - 4). Suppose -5*q + 2*v = -2*v, -5*q - g*v = -45. Suppose q*r - 124 - 124 = 0. What are the prime factors of r?
2, 31
List the prime factors of -132*609*(-3)/54.
2, 7, 11, 29
What are the prime factors of 15/10 + (66087/36 - (-10)/(-8))?
2, 3, 17
Let n = 1678 - 1750. Let h(o) = -5*o**2 - 5*o - 7. Let a be h(-6). Let k = n - a. List the prime factors of k.
5, 17
Let q(c) be the second derivative of -25*c - 29*c**2 + 0 - 11/6*c**3. List the prime factors of q(-15).
107
Let o(r) = r**2 + 10*r + 2. Let i(h) = -h**2 + 7*h + 33. Let c be i(11). Let q be o(c). Suppose 0 = q*u - 723 - 1071. List the prime factors of u.
2, 3, 23
Let a(w) = -12*w**2 - 10*w - w**3 + 10 + 22 + 29*w. Let j be a(-14). Suppose -222 = -2*l + j. List the prime factors of l.
2, 5, 19
Let u be (14/4 + -4)/(1/24). Let b(a) = -a**3 - 11*a**2 - 27*a - 18. List the prime factors of b(u).
2, 3, 5
Let q(n) = 4*n**3 - n**2 - 3*n. Let u be q(3). Suppose -i = -5*i + 696. Suppose 2*h - u - i = 0. 